/6 - x**2 - 4138*x. Give p(2).
96
Let x(j) = j + 0*j - 2*j**2 + 863*j**3 - 862*j**3 + 1. Let k = -108 + 106. Let b be k*(-3)/21 + 24/14. What is x(b)?
3
Suppose 0 = 3*u, 30 = 3*g - u - u. Suppose 25 = 15*p - g*p. Let b(l) = -7 - p*l + 3 - l**3 + 59*l**2 - 53*l**2 + 0*l**3. What is b(5)?
-4
Suppose 10*i + 22 = -s + 5*i, 0 = -s - i - 10. Let l(o) = -48*o**3 + 6*o**2 + 28*o**3 + 21*o**3 - 6*o + 3. Calculate l(s).
-4
Let g(b) = -b**3 + 0*b**3 - 4 + 2*b**3 + 4*b**2 + b. Let s(p) = 3*p**3 - 5*p**2 - 12*p**3 - 15 + 4*p**3 + 4*p**3 + 4*p. Let j be s(-6). Give g(j).
2
Let a(n) = -19*n**3 + 32*n**2 - 59*n + 52. Let d(l) = -6*l**3 + l**2 - l + 3. Let i(h) = -a(h) + 3*d(h). Determine i(27).
11
Let r be (0 + 2/(-2))*(-36)/18. Let o(k) = 2*k - 141*k**2 + 60*k**3 - 86*k**3 + 142*k**r + 1. Give o(-1).
26
Let w(c) = -6*c**2 - 43*c - 29. Let x(l) = 2*l**2 + 21*l + 11. Let i(h) = -4*w(h) - 10*x(h). Determine i(9).
-12
Suppose -6 - 132 = -23*v. Let c(l) = 12*l - 63. Calculate c(v).
9
Let u = 30822 + -30817. Let l(c) = 4*c. Let y be l(3). Let n(j) = -5*j**2 - 3*j + 4*j**2 - 3 + 0*j + y*j. Calculate n(u).
17
Let a(v) = -11*v**2 - v - 23. Let n(u) = -13*u**2 - u - 29. Let i(m) = -6*a(m) + 5*n(m). Suppose -5*l + 2 + 3 = 0. Let s = l - 1. Calculate i(s).
-7
Let a(f) = 27 - 21*f + 8 + 4 - 16 + f**2. Let z be a(20). Let q(w) be the third derivative of w**6/120 - w**5/15 + 5*w**4/24 - w**3/3 - w**2. Calculate q(z).
4
Let w(v) = -63*v + 678. Let m(q) = 94*q - 1082. Let l(u) = 5*m(u) + 8*w(u). Calculate l(1).
-20
Suppose 32*m - 73*m = 287. Let c(b) = 4*b**2 + 27*b - 11. What is c(m)?
-4
Let r(h) = 3*h - 6. Let s(o) = o + 4. Suppose 8 + 22 = 3*p + b, 3*p - b - 30 = 0. Suppose -2*u + 7 = m, 3*m + 5*u - 8 - p = 0. Let l be s(m). Determine r(l).
9
Let k(l) = l - 4. Suppose 3*w + 388 = 400. Let j(i) = -i**2 - i - 2. Let h(m) = 3*m**2 + m + 5. Let r(c) = 2*h(c) + 5*j(c). Let p be r(w). What is k(p)?
0
Let y(v) be the third derivative of v**4/6 + 3*v**3/2 - 1875*v**2. Determine y(-6).
-15
Let y be -14 - (-22 + 15 - 15). Let h(z) be the third derivative of -z**5/60 + 7*z**4/24 + z**3/6 + 15*z**2. Determine h(y).
-7
Let s(y) = -4*y - 6. Suppose 57*p - 42*p = 225. Suppose -5*w = -p*w - 30. Give s(w).
6
Let c(t) be the third derivative of t**5/60 + 5*t**3/3 + 7*t**2 - 23*t. Calculate c(-6).
46
Let n = -137 + 132. Let i be (-8)/(-6)*(-6 - -3). Let s(h) = -h**2 - h - 1. Let c(j) = -5*j**2 - 11*j - 10. Let k(p) = i*s(p) + c(p). What is k(n)?
4
Let p(y) be the third derivative of y**5/30 - y**4/24 + 11*y**3/3 + 31*y**2. Let o(g) be the first derivative of p(g). Suppose 10 = -k + 7. Determine o(k).
-13
Let v = -72 + 70. Let g(w) = -5*w - 7. Let k(m) = -10*m - 16. Let h(r) = -9*g(r) + 4*k(r). Calculate h(v).
-11
Let p = 2425 + -2423. Let z(q) = -16*q**2 + 6*q - 7. Give z(p).
-59
Suppose 0 = -5*b + g - 2*g + 22, -3*b - 4*g + 3 = 0. Let i(q) = 4*q**2 + 3*q + 3323*q**3 - 3324*q**3 + 6 - 3. Calculate i(b).
-7
Suppose -36*q = -37*q + 1. Let h(j) = 7 - 39110*j - q + 39111*j. Give h(-10).
-4
Let y(v) be the second derivative of -v**3 - 4*v**2 + 2770*v. Give y(-2).
4
Let h(o) = -4*o**2 - o - 1. Let u(g) = 21*g**2 + 8*g + 7. Let s(w) = -4*h(w) - u(w). What is s(2)?
-31
Suppose -4*a = 4*w - 7*w + 18, -4 = 4*w + 4*a. Let d(y) = w*y - 6*y**2 - 5*y + y**3 + 3 + 9*y - 2*y. Give d(5).
-2
Suppose 16*c - 22*c = -66. Let h(v) = -8*v - c*v + 13 + 25*v**2 + 11*v - 26*v**2. Determine h(-9).
4
Suppose -530*j + 531*j = -3*k + 6, 4*j - 3*k - 24 = 0. Let l(x) = -8*x + 63. Determine l(j).
15
Let q(b) = -b - 1. Let a(y) = -y - 3. Let o(l) = -a(l) + 2*q(l). Let m be (-2)/9 + 12/54. Determine o(m).
1
Let x(i) = 3*i**2 - 7*i - 18. Suppose -76 = -315*y + 334*y. Give x(y).
58
Suppose -6*q + 227 + 205 = 0. Let b = q - 43. Let k(z) = 4*z**2 + 3*z + b - 30 - z. What is k(-2)?
11
Let i(p) = -5 - 13*p - 18*p + 7 + 29*p - 8*p**3. Calculate i(1).
-8
Let h(q) = 2*q + q**3 + 5*q**2 + 4*q + 28*q + 5*q - 50*q + 8. Determine h(-6).
38
Let x(q) be the first derivative of q**3/3 + 7*q**2 - 31*q + 1682. Determine x(-16).
1
Suppose -2 = 3*h - 8. Let i(x) = 5*x**2 + 2 + x**3 - 15028916*x + 15028912*x - 3*x**2. What is i(h)?
10
Let m(y) = y**3 - 18*y**2 + 33*y - 24. Let l(k) = 3*k**2 - 86*k - 168. Let p be l(-2). Give m(p).
-8
Let b(h) = 534 - 1017 + 470 - h**3 + h**2. Suppose 3*c + 3*f + 9 = 0, -5*c + 3*f + 0*f = -9. Give b(c).
-13
Let s(y) = y**2 - 21*y + 48. Suppose -116*o - 162 = -125*o. Give s(o).
-6
Let h(k) be the first derivative of k**6/360 - k**5/24 + k**4/3 + k**3 + 30*k + 89. Let z(c) be the third derivative of h(c). Determine z(5).
8
Let m(y) = -y**2 + 20*y - 78. Let t be 9 + (320/8)/(-4) + 7. Give m(t).
6
Let v(q) be the second derivative of 15/2*q**2 + 1/2*q**3 + 172*q + 0 - 1/12*q**4. Give v(6).
-3
Let z(k) = -4 + 4 - 11 - k. Let c be 1*2/5 + ((-176)/(-20))/(-22). Determine z(c).
-11
Suppose -m - 5*m = -1068. Let n = m - 170. Let a(o) = o - 4. Give a(n).
4
Let a = 6 - 0. Let m(y) = 9*y**2 - 6*y + 8. Let j(z) = 73*z**2 - 3*z - 167*z**2 + 99*z**2 + 4. Let s(g) = a*m(g) - 11*j(g). Determine s(-4).
0
Let s(z) be the third derivative of z**5/60 + z**4/8 - 15*z**3 - 3555*z**2 + 2*z + 1. Calculate s(-11).
-2
Let v(r) = -r**2 - 31*r - 56. Let w be v(-29). Let o(m) = -4 + 5*m**2 - 10*m + 0*m**w - 4 - 4*m**2. Determine o(12).
16
Let k be ((-84)/(-210))/((-8)/44 + (-149)/(-880)). Let s(d) = -3*d**2 - 95*d + 37. Calculate s(k).
5
Suppose 3*t - 66 = 9*t. Let y(h) = -4*h - 5. Let m(n) = -6*n - 7. Let u(s) = 11*s + 13. Let x(i) = -5*m(i) - 2*u(i). Let g(j) = t*y(j) - 6*x(j). What is g(-1)?
5
Suppose -3*m + 69 = -3*g, 5*g + 2*m = 2*g - 44. Let j = g + 23. Let x(u) = -1 - 1 - j*u - 12 + 4*u. Calculate x(-6).
-8
Let x = -3510 - -3514. Let k(j) be the second derivative of -j**5/20 + j**4/4 + 5*j**3/6 + j**2 + 20*j. What is k(x)?
6
Let a be -5 - (7 + 42/(-4) - (-119)/34). Let b = -2 - -2. Let u(s) = 1 - s**2 + b*s + 0 - 4*s. Determine u(a).
-4
Let t(f) be the first derivative of -f**3/3 + f**2 - f + 448. Determine t(6).
-25
Let w(j) = -4*j - 46. Let z be w(-12). Suppose -t - u + z = -2, t = u + 10. Let i(y) be the first derivative of -y**2 + y - 1. Give i(t).
-13
Let v(n) be the first derivative of -n - 71 - 1/3*n**3 + 11/2*n**2. Give v(10).
9
Let k(t) = t**2 - 70*t + 19*t + 47*t + 10*t - 11. Calculate k(-10).
29
Let p = -7 + 13. Let m(h) be the second derivative of -h**5/20 + h**4/3 + 4*h**3/3 - h**2/2 - 743*h + 2. Give m(p).
-25
Let w(h) = 5*h**2 + 57*h + 7. Let a(c) = -2*c**2 - 25*c - 4. Let i(t) = -7*a(t) - 3*w(t). Calculate i(6).
-5
Let s(h) = -17*h**2 + 5*h + 55. Let x(u) = 14*u**2 - 7*u - 56. Let l(r) = 5*s(r) + 6*x(r). Determine l(-9).
11
Suppose -3*j = -3*w - 6*j + 15, -5 = -w - 5*j. Suppose w*p = -175 + 205. Let b(k) = -k**3 + 8*k**2 - 7*k + 9. Calculate b(p).
39
Let g be 6/51 - (-5)/(255/(-6)). Suppose -4*k + 3*w + 2*w = -39, k - 3*w - 15 = g. Let s(q) = -q + 14. Calculate s(k).
8
Suppose 71 = 6*u - 187. Let w = u + -38. Suppose -5 = -w*o - 0. Let b(r) = 5*r + 1. Calculate b(o).
6
Let q(s) = 2*s - 16. Let p be ((-67600)/(-210))/20 - (-6)/(-63). Give q(p).
16
Let d(v) = v**3 + 6*v**2 - 16*v + 17. Suppose 0 = -54*h + 55*h + 3*a + 14, -h + 4*a = 0. Calculate d(h).
17
Let b(s) = s**3 - 7*s**2 + 9*s - 7. Let c be ((-137)/(-9) - 3) + 8/(-36). Suppose 0 = -z + 15*h - c*h - 6, 0 = -z - h + 10. Give b(z).
11
Let b(j) = -j**3 + 7*j**2 - 4*j - 7. Let p(w) = -w**2 - 10*w + 25. Let a be p(-12). Suppose 4*c = -5*h - a, 2*c = -c - 12. Suppose h*i + 6 = 4*i. What is b(i)?
5
Let b(g) = g**2 + 11*g - 31. Suppose 53*n + 291 = 7*n - 169. What is b(n)?
-41
Let o(w) = -164*w - 1090. Let j(k) = 83*k + 559. Let l(c) = -5*j(c) - 3*o(c). Calculate l(-6).
13
Suppose s = 2*m + 186, 452 = -8*m + 3*m - 4*s. Let g = -90 - m. Let o be 2/((-80)/45 + g). Let n(i) = -i**3 + 8*i**2 + 10*i - 6. Determine n(o).
3
Let b = -16725 + 16726. Let d(v) = 2*v + 7*v + 17*v. Give d(b).
26
Let m(g) = g**3 + 14*g**2 - 12. Let s = -4294 + 4280. Determine m(s).
-12
Let u(z) = 4*z + 3. Suppose 0 = 8*i + 8*i - 1136. Suppose -11*n + 5 = i. Calculate u(n).
-21
Let h(a) = 111*a + 121*a + 109*a - 356*a. What is h(1)?
-15
Let b(k) be the first derivative of -1/4*k**4 + 240 + 3/2*k**2 + 5*k - 5/3*k**3. Determine b(-5).
-10
Let z(k) be the second derivative of k**5/10 - 3*k**4/4 - 5*k**